 7*z**2 + 18*z + 30. Let n(w) = 6*i(w) - 5*y(w). Calculate n(q).
-6
Let s(o) = 13*o**3 + 78*o**2 - 3*o - 16. Let c be s(-6). Let b(a) be the first derivative of -5*a**c + 16 - 2/3*a**3 - 6*a. What is b(-6)?
-18
Let j(r) = -14*r - 10. Let s be (-58)/609 - 4/(-42). Calculate j(s).
-10
Suppose 2*m + 14 = -8*y, 2*y + 27*m = 26*m - 7. Let w(a) be the second derivative of 25*a + 1/2*a**2 - 1/3*a**3 + y. What is w(-2)?
5
Let f = 92 + -90. Let m(k) = 13 - 19*k - 17*k**2 + 0*k**3 - 2*k**3 - 2*k**3 - f*k**3 + 7*k**3. Determine m(18).
-5
Let u(h) be the third derivative of -h**4/2 + 2*h**3/3 - 1795*h**2. Give u(1).
-8
Let q = 61 - 72. Let a = -29 - q. Let t be (1 - 0 - 6/a)*-3. Let k(x) = 2*x + 4. Give k(t).
-4
Let b = 28 + -24. Suppose -3*k = -b*y - 9 + 36, 0 = 3*y - 3*k - 21. Suppose -10*r + 7*r = y. Let m(g) = -4*g + 2. Calculate m(r).
10
Let c(x) = -16*x + 2. Let g = -12276 - -12275. Calculate c(g).
18
Let m(q) = 9*q**2 + 5*q - 8. Let y(s) = -1 + 2*s - 5*s**2 + 10*s**2 - 3. Suppose 10*c - 3*a = 8*c, 3*c + 3*a = 30. Let d(i) = c*m(i) - 11*y(i). Give d(5).
11
Suppose 712*m + 321 = 605*m. Let x(q) = -q. Determine x(m).
3
Let l be (-5 - -5)/(-5) + (-4)/(-2). Let j(t) = 4 + 107*t + 0*t**2 - 5 + 2*t**l - 109*t. What is j(2)?
3
Suppose 8*d = -2*d - 25*d + 105. Let a(g) be the first derivative of -g**3/3 + g**2 + 4*g + 1. Calculate a(d).
1
Let j(x) = 4*x + 13. Let t = -2278 + 2278. What is j(t)?
13
Let c(o) = -19 + 45 - o - 27. Let w(j) = 5*j**2 + 8*j + 4. Let v(a) = -4*a**2 - 7*a - 3. Let i(u) = 6*v(u) + 5*w(u). Let f be i(3). Calculate c(f).
-6
Let i(h) = 19*h - 1 - 24*h**2 - 10*h - 5*h - 13*h + 10*h. What is i(1)?
-24
Let h(l) = l**3 - l**2 + l - 13. Let n = 7 - 11. Let y(j) = -j**2 + 10*j - 25. Let b be y(7). Let u be n/b + 1/((-3)/3). Give h(u).
-13
Suppose -15 = 2*z - 5*z. Suppose -3*c + 16 = z*h - 17, -h + 11 = 5*c. Let k(o) = 5 + 3*o**3 + 3 + 5*o**3 - o - 9*o**3 + 6*o**2. Calculate k(h).
2
Let s(z) = -5*z**2 - 1. Suppose 0 = 2*f + 5 - 11, 20 = v + 3*f. Suppose -2*w + 12 = 2*w. Suppose v = 8*r + w. What is s(r)?
-6
Let v be 4*(-3 + 7/2). Let w(o) = -4*o - 5*o**2 - 2 - 2*o + 4*o**v. Suppose -z = p + 411 - 401, -32 = 2*p + 4*z. Calculate w(p).
6
Let v(l) = 2*l - 50. Let s be v(24). Let n(k) = 19*k + 4. What is n(s)?
-34
Suppose -8*n = -1756 - 1844. Let o(u) = u**3 - 4*u + 9*u - 10*u**2 + 3*u + n - 459. Calculate o(9).
-18
Let q(u) = 2*u**3 + 12*u**2 + 15*u + 89. Let s(b) = -2*b - 12. Let m(r) = -q(r) - 8*s(r). Give m(-6).
1
Let y be 4/(-6) - (-220)/33. Suppose 252 = -m + 5*m. Let i(g) = m + 5*g + 57 - 123. What is i(y)?
27
Let b(x) be the second derivative of x**3/6 + 2*x**2 + x. Let o be -2 + 8/6 + (-3630)/(-99). Suppose 7*p - p = -o. Give b(p).
-2
Let j(q) be the first derivative of -55 - 8*q + 76*q**2 - 152*q**2 + 77*q**2. Let b(v) = v**2 + 3*v + 3. Let k be b(-4). Calculate j(k).
6
Let c(t) = -5*t + 2 + 0 + 0. Suppose -41*g + 40 = -36*g - 5*z, -2*g = 2*z + 32. Determine c(g).
22
Let k(i) = -9*i**3 + 4*i**2 - 13*i + 3. Let t(n) = -2*n**3 + n**2 - 3. Let g(y) = k(y) - 5*t(y). Give g(3).
-3
Let w = -2665707 - -2665711. Let k(q) be the second derivative of q + 1/2*q**2 + 0 - 1/3*q**3. Give k(w).
-7
Suppose -6 = -3*m + 15. Suppose 2*p + m*h - 3*h + 24 = 0, 2*h + 8 = 0. Let b(c) = -2. Let x(t) = t. Let a(j) = b(j) + 4*x(j). What is a(p)?
-18
Let u(i) = 2*i + 4. Let j(v) = -5*v + 32. Let q be j(5). Suppose q*c - 77 + 35 = 0. What is u(c)?
16
Let l(n) = -8*n**3 - 17*n**2 + 9*n + 25. Let p(i) = 5*i**3 + 9*i**2 - 5*i - 12. Let r(o) = -3*l(o) - 5*p(o). Determine r(5).
0
Let d(m) = 13*m - 19. Let k be d(15). Suppose k = 10*j + 66. Let i(h) = -h**2 + 12*h - 13. Calculate i(j).
-2
Let k(y) = y**2 - 17*y + 48. Let m(q) = -5*q**2 + 40*q + 114. Let v be m(10). Give k(v).
6
Let o(u) = 6*u**3 - 288*u**2 + 4*u - 186. Let m be o(48). Let q(c) = -2*c**3 + 7*c**2 + 9*c - 6. Give q(m).
-132
Let a(s) = 4*s**2 - 45*s - 141. Let c(j) = -j**2 + 11*j + 35. Let w(x) = 3*a(x) + 11*c(x). Determine w(16).
-6
Let i(u) = 62*u**2 - 309*u + 3. Let y be i(5). Let x(r) = 2*r + 10. What is x(y)?
26
Suppose -134 = -3*v + 112. Let u = v + -153. Let t = -71 - u. Let i(n) = -n + 2. Give i(t).
2
Let p(f) = f**2 - 9*f + 9. Let h be (-160)/(-100) - 222/(-30). Determine p(h).
9
Let i(m) = m**3 - m**2 + 3. Let t(h) be the second derivative of 0*h**2 - 1/20*h**5 + 0 + 3*h**3 + 9*h - 7/12*h**4. Let s be t(-9). Give i(s).
3
Let a(f) = 10*f - 10. Let c(j) = 3*j - 3. Let n(w) = -2*a(w) + 7*c(w). Suppose 2*u = 15 - 35. Let z be u/8*88/22. Determine n(z).
-6
Let f(w) = w**2 - 10*w + 8. Let m(l) = l**3 + 14*l**2 - 27*l - 15. Let n be m(-11). Suppose 11*k - n + 2042 = 0. Let y = k + 136. Give f(y).
-1
Let c(b) = 17*b**2 - b - 54. Let a(h) = -14*h**2 + 2*h + 46. Let x(t) = -6*a(t) - 5*c(t). Determine x(-9).
-24
Let y(u) = -u**3 + 7*u**2 - 5*u - 12. Suppose 4*j + 4*j = 54 - 6. Determine y(j).
-6
Let y(o) = -o**2 + 747*o + 5273. Let r be y(-7). Let w(g) = 3*g**2 + 3*g - 23. Calculate w(r).
37
Suppose -l - 4 = -2*u, -u - 5 = -7*l + 3*l. Let i(j) = -2 + 0 - j + l - 2. Calculate i(-2).
0
Let q(j) = -j**3 + j. Let o(p) = -p**2 - p + 3. Let c(m) = -o(m) + q(m). Suppose 20*h - 53 = 7. Calculate c(h).
-15
Suppose 4*p - 11 = 5. Suppose -3*b + p*b + 22 = 2*l, 5*b = -20. Suppose 27 = -l*z + 18*z. Let h(n) = n**2 - 4*n + 3. What is h(z)?
0
Let i(n) = -n**2 + 8*n - 4. Let s be (2/(-5))/((-1)/((-175)/(-10))). Suppose -6*z + 52 = s*z. Calculate i(z).
12
Suppose 14*c = 9*c + 15. Suppose -3*h + 26 = -4*n, -h + c*n = 6*n. Let a(j) = j**3 - 7*j**2 + 3*j + 7. What is a(h)?
-11
Suppose 0 = -11*t - 15 - 18. Let y(d) = d**3 + 6*d**2 + 4*d - 4. What is y(t)?
11
Let z(t) = -11 + 4 - 7*t + 12128435*t**2 + 9 - 12128439*t**2 + 11. Determine z(5).
-122
Suppose 42 = 11*z - 4*z. Let j(u) = 14*u**2 - u - 6*u + 0 - u**3 - z*u**2 + 1. Suppose 0 = -26*a + 30*a - 28. Give j(a).
1
Let m(k) = 4*k**2 + 3*k. Let o = 622 + -317. Let l = -307 + o. Calculate m(l).
10
Suppose -3*z + 15 = -0. Let s(f) = -3*f + f + 2*f + z - 2*f. Let r(g) = -g - 1. Let m(u) = 3*r(u) - s(u). Calculate m(-9).
1
Let l be -140 + 154 + 51/(-3). Let k(m) = 15*m + 39. Calculate k(l).
-6
Let p(n) = -6 + 3*n**2 - 6*n**2 - n**3 + 6*n + 2. Let y = -2178 - -2173. What is p(y)?
16
Let l(q) = q**3 - 27*q**2 - 21*q + 46. Let g(i) = -2*i**2. Let p(w) = -5*g(w) + l(w). Calculate p(18).
-8
Suppose -4*w = -w + 15. Let i = -161 + 169. Let m(a) = 2*a - a**3 + 9*a**2 - 3 + i*a**2 - 21*a**2. Calculate m(w).
12
Let v(n) = n**3 - 16*n**2 - 18*n + 23. Suppose -37*q + 44*q + 2737 = 0. Let i be (-46)/q + 287/17. Calculate v(i).
6
Suppose 5*p - 12 = 3*s, -5*s + s = p + 16. Let r = 301 - 87. Let v(i) = 109*i**3 - r*i**3 - i**2 + 106*i**3 + 0*i**2 + 6. What is v(p)?
6
Let m(p) be the second derivative of p**6/720 + p**5/60 - 95*p**4/12 + 10*p - 2. Let f(g) be the third derivative of m(g). What is f(0)?
2
Let f(q) be the third derivative of -q**5/20 + 7*q**4/24 - q**3 - 2*q**2. Suppose -a = 5*g - 4, -322*a - 16 = -326*a + 2*g. Determine f(a).
-26
Let a(c) = 3*c + 5. Let z = -327 - -323. Let v(k) = 2*k + 4. Let s be v(z). Determine a(s).
-7
Let o be (7 + -27)*326/(-1630). Let d(z) be the third derivative of z**5/60 - 3*z**4/8 + z**3/3 - z**2. Calculate d(o).
-18
Suppose -3*p - 204 = -8*p - 3*k, 4*p + 3*k = 165. Let u(z) = 58*z + 22*z - p*z. What is u(1)?
41
Let p be (9*1/(-9))/(1/(-5)) + -2. Let j(a) be the second derivative of 0 - 1/12*a**4 - 1/6*a**p + 0*a**2 + 9*a. Determine j(-2).
-2
Let p(k) be the first derivative of -2*k - 31 + 5/2*k**2 + 1/3*k**3. Give p(-5).
-2
Let a = -24 + 24. Suppose -14*f = -11*f - 15. Let r(s) = f - 36*s**2 + 18*s**2 + 19*s**2. What is r(a)?
5
Let v(l) = 2 + 67*l + 6*l**2 - 3 - l**3 - 75*l + 3*l**2. Let u be v(8). Let d(k) be the third derivative of -k**5/15 - k**4/24 + 6*k**2. Determine d(u).
-3
Let l(i) = -4077*i**3 + 4076*i**3 + 96*i**2 - 84*i**2 - 8. Let m be (12/10)/((-2)/(-20)). What is l(m)?
-8
Let q(g) = g**2 - 3*g - 17. Let a(z) = -z**2 + z + 15. Suppose -3*b = -3*p + 24, -3*p + 4*p = -2*b - 4. Let r(f) = p*q(f) + 5*a(f). Determine r(-8).
-1
Let f(z) be the first derivative of 13*z**2/2 + 5*z - 1802. What is f(-2)?
-21
Let l(u) = 2*u + 2. Let w be l(-2). Let f(a) = -23*a**2 + 8*a**2 - a + 4 + 10*a**2. Let r(g) = 2*g**2 + g - 1. Let b(z) = -f(z) - 2*r(z). Wha